j(r). Let s be ((-4)/(-12) - 0)/(3/(-18)). Calculate d(s).
-4
Let r(j) = -j - 3. Let p(m) = 4*m + 2. Let s be p(-3). Suppose u - 3*a = -20, 4*u + 28 = -a - 0*a. Let h be (s/u)/((-2)/8). Determine r(h).
2
Let u be 3 - (-1 - 2)*-3. Let l(m) = -m**3 - 5*m**2 + 5*m + 2. Calculate l(u).
8
Let z = -5 + 0. Let w = 0 + 2. Let t(n) = w + n - 1 + 9. Calculate t(z).
5
Let w = 4 - 6. Let z = w - -2. Let f(c) = -c**2 + c - 3. Determine f(z).
-3
Let o(p) = 9*p + 1. Let d(c) = -8*c - 1. Let w be 1/((-4)/(-3) - 1). Let x(f) = w*o(f) + 2*d(f). Give x(1).
12
Let x(o) = o**3 - 4*o**2 - o + 1. Suppose -2*z + 1 = -5. Let k be 19/z + (-4)/(-6). Suppose -k = 5*y - 27. Calculate x(y).
-3
Let q(b) = 2*b**2 + 2*b + 2. Let l be 5*((-34)/10 - (-16 - -13)). Give q(l).
6
Let m(k) = 7*k**2 - 15*k - 11. Let g(j) = -4*j**2 + 8*j + 5. Let d(x) = -5*g(x) - 3*m(x). Let w(i) = -i**2 + 8*i - 6. Let b be w(6). What is d(b)?
2
Let u(f) = -4*f**2 - 4*f + 0*f**2 - 2*f. Let l(k) = -k**2. Let q(v) = 3*l(v) - u(v). Suppose 3*d + 49 - 34 = 0. Determine q(d).
-5
Suppose 0 = -3*s + 2*s + 2. Let b(o) = -o**2 + 3*o + 2. Let a be b(s). Let g(m) = a + 5*m - 4*m - 2*m. Calculate g(4).
0
Let y(u) = -2*u - 7. Suppose 0 = -4*c + 7*c + 18. Determine y(c).
5
Let l(i) be the third derivative of -4*i**2 + 0*i - 1/12*i**4 + 0 - 1/60*i**5 + 1/2*i**3. Give l(2).
-5
Let r(g) = -78 + 3*g - g**2 + 171 - g - 89. Determine r(6).
-20
Let b(k) = 2*k**2 + 7*k - 5. Let z(l) = -l**2 - 6*l + 4. Let u(p) = -2*b(p) - 3*z(p). Determine u(2).
2
Let v be 2/14 - (-1)/(-7). Suppose v = -3*a - 8 - 10. Let g(f) = f + 3. Determine g(a).
-3
Suppose -c = -2 + 1. Let q be 2*5/1 - -1. Let k(j) = 3*j**3 - j**2 + 2*j - 1. Let o(g) = -16*g**3 + 5*g**2 - 11*g + 6. Let s(m) = q*k(m) + 2*o(m). What is s(c)?
1
Let z = -66 + 64. Let r(b) = -5*b**2 + 8*b - 4. Let d(v) = 6*v**2 - 9*v + 5. Let a(f) = -6*d(f) - 7*r(f). Give a(z).
-2
Suppose -a - 3*a + 8 = -4*r, 4*r + 2*a - 16 = 0. Let g(f) = -f**3 + 4*f**2 - f - 1. Give g(r).
5
Suppose -5*y = -6*y - 5. Let c(n) = -n**2 - 4*n. Give c(y).
-5
Suppose f + 18 = 4*f. Let c(v) be the second derivative of v**5/20 - 7*v**4/12 + v**3 + 3*v**2/2 + v. Give c(f).
3
Let p(c) = -3*c + 2. Let w be p(2). Let x(z) = -6*z - 6. Give x(w).
18
Suppose 20 = -s + 6*s. Let r(c) be the first derivative of c**3/3 - 3*c**2 + 3*c - 1. Give r(s).
-5
Suppose -5*m + 5 = -15. Suppose -2*z = -3*z + m. Suppose -6*t + z*x - 8 = -2*t, 4*x + 22 = -2*t. Let s(o) = o**2 + 6*o + 1. Calculate s(t).
-4
Let f(t) = -10 - 2 + 8 + 2*t**2. Give f(3).
14
Let w be (-5 + -1)/(3/(-2)). Let d(c) = w + 0 - 3 - 2*c. Calculate d(-2).
5
Let f(t) = 5*t**2 - 7*t + t**2 - 4 + 6*t - t - t**3. Give f(5).
11
Let h(f) = 7*f**3 - f**2 + f - 1. Let b = 7 - 2. Let x = b - 4. Determine h(x).
6
Suppose -4*s = -3*s - 4. Let k be s/(-3) + 10/(-15). Let c(b) = -6*b + 2*b - 2 + b. Give c(k).
4
Let l(o) = o**2 - 7*o + 1. Let t be l(6). Let w(a) = -a - 5. Let f(v) = -3. Let x(n) = -1. Let s(r) = 6*f(r) - 17*x(r). Let u(d) = -s(d) + w(d). Calculate u(t).
1
Let i(s) = -8*s**2 + s + 5 + 0*s**3 - 1 + 2 - s**3. What is i(-8)?
-2
Suppose t + 6 = r, -t + 0*r = 2*r - 6. Let l(z) be the second derivative of 1/12*z**4 - 1/2*z**2 + 1/6*z**3 + z + 0. What is l(t)?
1
Let y(a) = -2*a**2 - 4*a - 2. Let j(o) = -o**2 - 1. Let s(h) = 3*j(h) - y(h). Let n = 4 - 2. Suppose -x = -6*x - 2*c + 27, c - 11 = -n*x. What is s(x)?
-6
Let d(j) = -7*j. Let n(v) = -4*v - 1. Let o(q) = 3*d(q) - 5*n(q). Give o(7).
-2
Let n(g) be the third derivative of g**7/2520 - g**6/720 - g**5/10 + 3*g**4/8 - 2*g**2. Let f(v) be the second derivative of n(v). Give f(0).
-12
Let d(i) be the second derivative of -i**4/12 + 2*i**3/3 - 5*i**2/2 + 14*i. Calculate d(4).
-5
Let c(o) = -o**3 + 3*o**2 - 2. Let i be c(2). Let u(t) = t - 1 + i*t + 2. Let q(d) = d + 4. Let w be q(-6). What is u(w)?
-5
Let i(k) be the second derivative of k**5/60 - k**4/12 + k**3/6 + k**2/2 - 3*k. Let d(j) be the first derivative of i(j). Determine d(4).
9
Suppose 4*h - h = 6. Let y(q) = -4 + 4*q + 3 + h. Give y(-3).
-11
Let x(k) be the third derivative of k**6/120 - k**5/15 + k**4/24 - k**3/3 + 2*k**2. Let a(c) = -c**3 - 2*c**2 - 3*c - 2. Let j be a(-2). Give x(j).
2
Let f = -9 - 1. Let x be ((-3)/(-2))/(-3)*f. Let i(c) = -2 + 4*c**2 - c**3 + 6*c - 7 + 0 + 3. What is i(x)?
-1
Let q = 9 - 7. Let u(y) = 6 - 4*y**3 + 4*y**3 - y**3 - 7*y + 6*y**q. Give u(5).
-4
Let o(g) = -g**3 + 7*g**2 - 2. Let s be o(7). Let m be 2 - (-2 - (-1 + s)). Let b(d) = -5*d + d + m - d**2 - 2. Give b(-5).
-6
Let u(k) = 5*k - 3. Let s be 18/4*(-8)/(-6). Suppose z - 22 = 4*a, -s*a - 20 = -a. Suppose 4 = 5*x - z. What is u(x)?
7
Let n(f) = 1 - f**2 + 9*f**2 + f + 6*f**3 - 9*f**2. Let s be 1/(-2)*-2 - -2. Let x = 2 - s. Give n(x).
-7
Let b(z) = -z**3 + 2*z**2 - 2*z - 3. Let r = 7 + -4. Determine b(r).
-18
Let d(m) = m**2 - m - 2. Let z be d(-2). Suppose 0 = -y - z*y - 25. Let v(n) = n + 1. Let f(t) = -t**2 - 11*t - 5. Let s(u) = -f(u) - 5*v(u). Give s(y).
-5
Suppose -7 + 5 = -z. Let l(h) = -z + 5*h + 1 + 0*h. Give l(-1).
-6
Suppose 0 = -5*k - t - 17, k + 0*t = -5*t + 11. Let w(c) = c**2 + 5*c + 6. Give w(k).
2
Let s(l) = l - 4. Let v be s(-1). Let p(y) be the second derivative of -y**3/6 - 3*y**2 - 2*y. Determine p(v).
-1
Let h(s) = -s - 13. Let f(t) = -2*t - 28. Let x(z) = 4*f(z) - 9*h(z). Calculate x(-7).
-2
Suppose -d - 10 = -3*y + d, 4*y - 36 = -3*d. Let u(l) = l - 1. Determine u(y).
5
Let h(v) = v. Let c = 2 + -1. Let i be h(c). Let p(f) = f**2 + 1. Determine p(i).
2
Let v(y) be the first derivative of -4*y**2 - 4. Let h = -4 - -6. Let o be -3*h/(-6)*1. Give v(o).
-8
Let j = 6 - 10. Let l(u) = -u**2 + 3*u**2 - 3*u**2. Let k(h) = -5*h**2 + 5*h + 4. Let p(c) = -k(c) + 6*l(c). Calculate p(j).
0
Let g(n) = n**2 + 9*n - 11. Let a be g(-10). Let x(z) = -11*z**2 + 2*z + 1. Give x(a).
-12
Suppose 4*i - 46 = -3*u - 10, i = 4*u - 10. Let f(h) = 6 + h**3 + 0*h**3 - 7*h**2 + 0*h + 5*h. Determine f(i).
0
Let s(u) = -u**2 + 6*u - 2. Let q(b) = 5*b**3 - b + 1. Let v = -1 + 3. Let w be (2/4 + 0)*v. Let r be q(w). Calculate s(r).
3
Suppose 0*b + 2*b + 3*a - 13 = 0, -b = -5*a. Let o(y) = -y**3 + 6*y**2 - 6*y + 7. Calculate o(b).
2
Suppose 3*z - 4 = -s + 1, -5*z = -s - 19. Suppose -4*i - 21 = z*i. Let b(q) = q**2 + 3*q. What is b(i)?
0
Let a be 1*2 - 15/(-1). Suppose 4*l - 6*s + 3*s + a = 0, 3*l - s = -9. Let p(h) = -h - 1. Let o(g) = -3*g - 2. Let u(c) = -3*o(c) + 6*p(c). Give u(l).
-6
Let t(w) = w + w**3 - 5*w**2 + 0 - 5 - 3 + 4*w**2. Let k(n) = n**3 - 2*n**2 - 3*n. Let v be k(3). Give t(v).
-8
Let w(o) = 0*o + 3*o - 10 - 5*o + o. Let g be (1/2)/(1/4). Suppose -g*x = -x. Give w(x).
-10
Let t(b) be the third derivative of -b**4/6 + b**3/6 + 9*b**2. Suppose 0 = -2*n - 3 + 1. Give t(n).
5
Suppose -59*r + 56*r + 12 = 0. Let u(i) = 2*i**2 - 4*i. Determine u(r).
16
Suppose -24 + 28 = 4*j. Let x(s) = s**3 - 9*s**2 + 8*s + 1. Let g be x(8). Let d(t) = 0 - 4*t - g + 12*t. Calculate d(j).
7
Let b(s) = 15*s**3 + 7*s**2 - 10*s - 4. Let r(v) = -7*v**3 - 3*v**2 + 5*v + 2. Let o(l) = 6*b(l) + 13*r(l). Give o(4).
6
Let u(g) = -g**3 + 2*g - 2. Suppose 3*v = -1 + 7. Let k be v + (1 - 1)*-1. What is u(k)?
-6
Let n = -78 - -79. Let y(w) = -6*w + 1. Calculate y(n).
-5
Let z(m) be the third derivative of -m**6/120 - 2*m**5/15 - 5*m**4/24 + 7*m**3/6 + 4*m**2. What is z(-7)?
-7
Let y be (2 - 2) + 4 - 4. Let r(p) = p**2 - p + 4. Determine r(y).
4
Let u(v) = v + 2. Let t(k) = -1. Let w(r) = -r**3 - 4*r**2 - r + 1. Let g(h) = -5*t(h) - w(h). Let q be g(-4). Determine u(q).
2
Let u(d) = -3*d**3 - 2*d**2 + 2*d. Let g(v) = -v. Let m be g(2). What is u(m)?
12
Let d(t) be the first derivative of -t**4/4 + 5*t**3/3 + 3*t**2 + 4*t - 7. What is d(6)?
4
Let g be ((2 + 3)*-1)/((-25)/10). Let x(u) = -2*u**2 - 2*u. Calculate x(g).
-12
Let t(q) be the second derivative of -1/12*q**4 + 0 + 3/2*q**2 - 3*q + 1/6*q**3. Calculate t(0).
3
Let b(u) = u**2 + 4*u - 6. Suppose m + m = 10. Suppose 2*c - 27 = 5*x, -4*x - c + m*c - 24 = 0. Calculate b(x).
-1
Let m(p) = p**3 + 2 - 4*p**2 - 3 + p**2 + p. Suppose 2*c - 26 = -5*o, -4*o = 5*c - o - 27. Give m(c).
2
Suppose 0 = p + 3*p + 3*z - 11, 5*z + 35 = 4*p. Let o(s) be the third derivative of -s**6/120 + s**5/12 - s**4/24 - 2*s**3/3 + 3*s**2. Calculate o(p).
-9
Suppose -2*g + 4*